mposite?
True
Is 106869883567 a composite number?
True
Is 1987400743 prime?
True
Is 231947377 a prime number?
False
Is 1218553891 prime?
False
Is 9302178421 a prime number?
True
Is 2106400217 a composite number?
True
Is 584965123 prime?
False
Is 10575580471 prime?
False
Is 45450094663 a composite number?
False
Is 2951930537 prime?
False
Is 27114880147 composite?
True
Is 2743599847 a prime number?
True
Is 3505304989 a composite number?
False
Is 566824421 a composite number?
True
Is 373853693 prime?
False
Is 150599242 a prime number?
False
Is 6608713619 a composite number?
False
Is 2445261811 a prime number?
True
Is 109080696145 a composite number?
True
Is 811077889 a composite number?
False
Is 21990646159 a prime number?
True
Is 5435043461 a prime number?
False
Is 1051677283 a composite number?
True
Is 212731793 a composite number?
True
Is 22582642219 a composite number?
False
Is 934803229 composite?
True
Is 484892017 prime?
True
Is 3070475105 prime?
False
Is 82877807423 a composite number?
True
Is 946689203 a prime number?
False
Is 203035186957 a composite number?
False
Is 14433256439 prime?
False
Is 9506179097 a composite number?
False
Is 4544805767 a composite number?
False
Is 41095366967 a composite number?
False
Is 19264141711 a composite number?
False
Is 2491084097 composite?
False
Is 1039101689 a prime number?
False
Is 210563729003 a composite number?
False
Is 27714333973 a prime number?
False
Is 1204655203 prime?
False
Is 2245932371 a prime number?
True
Is 123205513 composite?
False
Is 1395718999 a prime number?
False
Is 15388242821 prime?
False
Is 305900477 a prime number?
False
Is 6251784089 prime?
True
Is 42972391207 composite?
True
Is 765355463 a prime number?
True
Is 3746768197 a prime number?
True
Is 852666337 a composite number?
False
Is 120169816561 prime?
True
Is 4530522349 prime?
True
Is 80744744987 a composite number?
False
Is 1667814661 a prime number?
False
Is 35616915623 a composite number?
False
Is 66329486809 prime?
False
Is 11730375893 a prime number?
False
Is 143431663457 composite?
True
Is 99770189 a composite number?
False
Is 983178067 composite?
False
Is 58610989643 composite?
False
Is 1002529817 composite?
False
Is 72621986531 composite?
False
Is 1701377033 a prime number?
False
Is 24773842579 prime?
False
Is 21670852729 composite?
True
Is 5726782619 prime?
True
Is 9399415177 prime?
True
Is 1573980313 prime?
True
Is 398811773 a composite number?
True
Is 21795457 a prime number?
True
Is 168071087 a composite number?
False
Is 5993242187 a composite number?
True
Is 6782517523 composite?
True
Is 37741239197 a prime number?
False
Is 304165783 a prime number?
True
Is 501881543 a prime number?
True
Is 39811232311 prime?
True
Is 63313637 composite?
False
Is 76566289 prime?
True
Is 5297830661 prime?
False
Is 1136888699 a prime number?
False
Is 107594837191 composite?
False
Is 1022724071 prime?
True
Is 9554630713 prime?
False
Is 829747579 a composite number?
True
Is 68902311 a composite number?
True
Is 245210071 prime?
True
Is 2546888767 a composite number?
False
Is 310895107 a composite number?
False
Is 92173940827 a composite number?
True
Is 140599837195 prime?
False
Is 82930155401 prime?
False
Is 53537170601 a composite number?
False
Is 2325480083 prime?
False
Is 1289685883 a prime number?
False
Is 3474656747 a composite number?
False
Is 225638971 a prime number?
True
Is 27479641187 a composite number?
False
Is 38457766409 a prime number?
False
Is 7370879774 composite?
True
Is 266013487 prime?
False
Is 14910128999 prime?
True
Is 15193721573 composite?
False
Is 14229074581 a composite number?
True
Is 941787257 a composite number?
False
Is 38338648559 prime?
True
Is 6254866963 composite?
False
Is 2202686251 a composite number?
True
Is 130732111 composite?
True
Is 72959867074 a prime number?
False
Is 389649289 prime?
True
Is 4092739891 a composite number?
True
Is 111260696335 a prime number?
False
Is 791612527 a composite number?
False
Is 2054202401 a prime number?
True
Is 191148359 prime?
True
Is 64739208505 a composite number?
True
Is 1068194117 a prime number?
False
Is 50654361877 composite?
True
Is 6423087751 a prime number?
False
Is 1136849983 a composite number?
True
Is 2767476713 composite?
True
Is 60369971 a composite number?
False
Is 37553334059 prime?
False
Is 15490633721 prime?
True
Is 49297983649 prime?
False
Is 3463965371 a prime number?
False
Is 1352882163 a composite number?
True
Is 635188369 a prime number?
True
Is 1970475097 a composite number?
True
Is 5310338267 a composite number?
True
Is 7322069429 prime?
True
Is 7639200077 composite?
False
Is 5198873389 a composite number?
False
Is 1576995107 a prime number?
False
Is 6830806481 prime?
True
Is 18432412709 a prime number?
True
Is 33082733 a prime number?
False
Is 230112362243 a composite number?
False
Is 27035692877 composite?
False
Is 22424858633 composite?
False
Is 29488922237 prime?
True
Is 6692225081 a prime number?
True
Is 23807470409 a prime number?
False
Is 1740168293 prime?
False
Is 163660799 a prime number?
False
Is 2020818521 a composite number?
False
Is 49442306257 composite?
True
Is 103661767138 prime?
False
Is 107452687 a composite number?
False
Is 358341961483 a prime number?
False
Is 12175907957 a composite number?
True
Is 20684799071 a composite number?
False
Is 402716957 a composite number?
True
Is 658322783 composite?
False
Is 1805288935 a prime number?
False
Is 231642473 prime?
False
Is 195673454419 prime?
False
Is 1332157006 composite?
True
Is 16604930791 prime?
True
Is 81077475722 a composite number?
True
Is 1358356123 a composite number?
True
Is 56046165139 a composite number?
False
Is 426405281 composite?
True
Is 11477772191 a composite number?
True
Is 5158786079 a prime number?
True
Is 169020148763 a prime number?
True
Is 12036003103 prime?
True
Is 13921192049 a composite number?
False
Is 34326671 a composite number?
True
Is 133612057 a composite number?
False
Is 17045995717 a composite number?
False
Is 50912184377 composite?
False
Is 12199514813 a composite number?
True
Is 15798046949 a composite number?
True
Is 82765169 composite?
False
Is 55357610719 prime?
True
Is 1926430451 composite?
True
Is 44136313 prime?
False
Is 22260141689 prime?
False
Is 8754951379 prime?
True
Is 6115510211 a composite number?
False
Is 17628807869 a composite number?
False
Is 500469509 a composite number?
True
Is 9044262299 composite?
False
Is 424463748371 prime?
False
Is 1049486957 a prime number?
True
Is 60237347957 composite?
True
Is 5464583609 a composite number?
False
Is 22469122843 a prime number?
True
Is 14779399307 a composite number?
False
Is 9341467 a composite number?
True
Is 5376435917 composite?
False
Is 3107824903 a prime number?
True
Is 1952042107 prime?
False
Is 47689833923 a composite number?
False
Is 16971094351 a composite number?
False
Is 4917166063 prime?
False
Is 4278383471 a prime number?
True
Is 19551715429 composite?
False
Is 2835645973 composite?
True
Is 14310863341 composite?
True
Is 95502851 a composite number?
False
Is 12576661627 a prime number?
False
Is 265414691 prime?
False
Is 12402153053 a prime number?
False
Is 3811681859 a prime number?
False
Is 527436631 composite?
False
Is 873582617 a composite number?
True
Is 1726763189 composite?
True
Is 2711702327 a prime number?
False
Is 19626538883 a composite number?
True
Is 463884276937 prime?
False
Is 10606571 a prime number?
True
Is 29795076463 prime?
True
Is 423329231 prime?
False
Is 17249133443 a prime number?
False
Is 88815379949 a prime number?
False
Is 706197039 prime?
False
Is 1178335349 a prime number?
False
Is 105495031 prime?
True
Is 44013203947 composite?
True
Is 45743983 composite?
True
Is 1745117243 a composite number?
True
Is 1482705969 a composite number?
True
Is 64129548281 composite?
True
Is 532459229 prime?
True
Is 405399583 a composite number?
False
Is 22189217903 a composite number?
False
Is 3546145111 prime?
True
Is 1588151 prime?
False
Is 1365042842 a composite number?
True
Is 343074217 a composite number?
False
Is 13829250587 a composite number?
True
Is 2721127091 a composite number?
True
Is 133199039242 prime?
False
Is 24572754419 a composite number?
False
Is 9580596379 a composite number?
False
Is 11480657217 composite?
True
Is 69260583599 a prim